ed by 25.
4
Calculate the remainder when 7788687 is divided by 596.
159
What is the remainder when 17532553 is divided by 60?
13
Calculate the remainder when 100807011 is divided by 122.
119
Calculate the remainder when 28169 is divided by 1392.
329
What is the remainder when 89792 is divided by 2409?
659
Calculate the remainder when 21683 is divided by 21101.
582
What is the remainder when 19229 is divided by 189?
140
Calculate the remainder when 8854320 is divided by 132153.
69
What is the remainder when 5942954 is divided by 99?
83
Calculate the remainder when 28429143 is divided by 6.
3
What is the remainder when 90678 is divided by 2108?
34
What is the remainder when 31398722 is divided by 34?
28
What is the remainder when 606534 is divided by 1058?
300
What is the remainder when 111921 is divided by 55781?
359
What is the remainder when 118506 is divided by 1416?
978
Calculate the remainder when 113466 is divided by 464.
250
Calculate the remainder when 574603 is divided by 58.
55
Calculate the remainder when 1050122 is divided by 510.
32
Calculate the remainder when 1534889 is divided by 226.
123
Calculate the remainder when 117521 is divided by 6170.
291
What is the remainder when 2151530 is divided by 2152?
1682
Calculate the remainder when 1972638 is divided by 160.
158
Calculate the remainder when 49277 is divided by 566.
35
What is the remainder when 1363736 is divided by 6007?
147
Calculate the remainder when 7984278 is divided by 76.
22
Calculate the remainder when 50169 is divided by 618.
111
What is the remainder when 77439859 is divided by 34?
31
Calculate the remainder when 9855315 is divided by 922.
57
Calculate the remainder when 877251 is divided by 438454.
343
What is the remainder when 597619 is divided by 166?
19
Calculate the remainder when 182937 is divided by 60832.
441
Calculate the remainder when 9979377 is divided by 20.
17
Calculate the remainder when 19964419 is divided by 826.
825
Calculate the remainder when 14424438 is divided by 38.
18
Calculate the remainder when 12400471 is divided by 56.
55
Calculate the remainder when 230568 is divided by 144.
24
What is the remainder when 730202330 is divided by 461?
458
Calculate the remainder when 586404634 is divided by 146601155.
14
What is the remainder when 10013870 is divided by 22?
20
Calculate the remainder when 6214743 is divided by 167966.
1
What is the remainder when 633281 is divided by 1313?
415
Calculate the remainder when 22754707 is divided by 3.
1
Calculate the remainder when 6615629 is divided by 3307814.
1
What is the remainder when 1077482 is divided by 67339?
58
Calculate the remainder when 8082173 is divided by 128.
125
What is the remainder when 3389883 is divided by 1629?
1563
What is the remainder when 17152 is divided by 16111?
1041
Calculate the remainder when 57699 is divided by 5230.
169
Calculate the remainder when 295349 is divided by 295180.
169
What is the remainder when 774281 is divided by 16473?
50
Calculate the remainder when 36066489 is divided by 1822.
1821
Calculate the remainder when 1398087 is divided by 349507.
59
What is the remainder when 6294587 is divided by 74?
73
Calculate the remainder when 10935866 is divided by 6939.
2
Calculate the remainder when 63450090 is divided by 51.
21
What is the remainder when 6911150 is divided by 6283?
6133
Calculate the remainder when 543834 is divided by 543711.
123
Calculate the remainder when 5616815 is divided by 123.
20
Calculate the remainder when 3788 is divided by 327.
191
Calculate the remainder when 1106750 is divided by 33509.
953
Calculate the remainder when 141259 is divided by 68981.
3297
Calculate the remainder when 1548446 is divided by 85981.
788
Calculate the remainder when 61222630 is divided by 107.
12
Calculate the remainder when 4559580 is divided by 106036.
32
Calculate the remainder when 267600 is divided by 133739.
122
Calculate the remainder when 5799333 is divided by 254.
5
Calculate the remainder when 105067 is divided by 529.
325
What is the remainder when 8238025 is divided by 62?
23
What is the remainder when 37267263 is divided by 237?
198
What is the remainder when 2061179 is divided by 1485?
1484
What is the remainder when 190360023 is divided by 9?
6
What is the remainder when 28886 is divided by 14322?
242
What is the remainder when 6106769 is divided by 47?
12
Calculate the remainder when 8967784 is divided by 1793553.
19
Calculate the remainder when 4672290 is divided by 1593.
21
What is the remainder when 2052314 is divided by 86?
10
Calculate the remainder when 74034083 is divided by 12.
11
Calculate the remainder when 298224 is divided by 40.
24
What is the remainder when 2540795 is divided by 1295?
5
What is the remainder when 29291324 is divided by 4422?
4418
Calculate the remainder when 549570 is divided by 3134.
1120
What is the remainder when 16319233 is divided by 233128?
273
Calculate the remainder when 24609 is divided by 1169.
60
What is the remainder when 147838 is divided by 2806?
1926
Calculate the remainder when 22869 is divided by 7623.
0
What is the remainder when 50870 is divided by 50662?
208
What is the remainder when 145374 is divided by 3203?
1239
What is the remainder when 196692 is divided by 241?
36
What is the remainder when 7286516 is divided by 67467?
80
Calculate the remainder when 2634053 is divided by 5483.
2213
What is the remainder when 314047 is divided by 297?
118
Calculate the remainder when 214396 is divided by 2208.
220
What is the remainder when 289202 is divided by 1015?
942
Calculate the remainder when 1301364 is divided by 650241.
882
What is the remainder when 4952542 is divided by 170775?
67
Calculate the remainder when 8259401 is divided by 589956.
17
What is the remainder when 361248 is divided by 361223?
25
Calculate the remainder when 12718576 is divided by 471051.
199
What is the remainder when 2027311 is divided by 34361?
12
What is the remainder when 23401405 is divided by 287?
286
Calculate the remainder when 2203527 is divided by 257.
9
What is the remainder when 1189724 is divided by 594851?
22
What is the remainder when 1866278 is divided by 704?
678
Calculate the remainder when 14364327 is divided by 517.
516
Calculate the remainder when 7832159 is divided by 25.
9
What is the remainder when 13640627 is divided by 345?
17
Calculate the remainder when 62122 is divided by 887.
32
Calculate the remainder when 1062218188 is divided by 97.
94
What is the remainder when 40889 is divided by 264?
233
What is the remainder when 1861466 is divided by 35797?
22
What is the remainder when 6805 is divided by 1698?
13
What is the remainder when 11808 is divided by 842?
20
Calculate the remainder when 84056 is divided by 5928.
1064
What is the remainder when 1319519 is divided by 10231?
9951
What is the remainder when 106553271 is divided by 255?
246
Calculate the remainder when 342966 is divided by 497.
36
Calculate the remainder when 150411 is divided by 10025.
36
What is the remainder when 49905326 is divided by 4661?
4660
What is the remainder when 65568612 is divided by 7861?
11
Calculate the remainder when 1007859 is divided by 41.
38
Calculate the remainder when 80300 is divided by 1474.
704
What is the remainder when 230056836 is divided by 7?
2
Calculate the remainder when 175831 is divided by 76.
43
What is the remainder when 30031246 is divided by 816?
814
What is the remainder when 76694 is divided by 18915?
1034
Calculate the remainder when 292214 is divided by 145835.
544
What is the remainder when 10581632 is divided by 49679?
5
Calculate the remainder when 1217975 is divided by 27678.
143
What is the remainder when 156208434 is divided by 33?
30
Calculate the remainder when 135575 is divided by 1072.
503
Calculate the remainder when 94417659 is divided by 11.
6
Calculate the remainder when 409684 is divided by 493.
1
What is the remainder when 8925259 is divided by 493?
480
What is the remainder when 1982927 is divided by 141627?
149
Calculate the remainder when 50826879 is divided by 57.
36
Calculate the remainder when 1619612 is divided by 50.
12
Calculate the remainder when 1049206 is divided by 172.
6
Calculate the remainder when 3840107 is divided by 55.
7
Calculate the remainder when